ose -8 = -4*g, 236 = 5*t - 5*g - 49. What is the remainder when t is divided by 638435/33495 - (2/5 + 168/(-495))?
2
Suppose 157*p - 155*p + 4369 = 3*v, -4*p - 20 = 0. What is the remainder when v is divided by 91?
88
Suppose 0 = -16*i - 37*i + 530. What is the remainder when 18 is divided by i?
8
Let h(w) = w**2 - 6*w + 6. Let m be h(8). Suppose -12 + m = 2*y. Suppose t + 36 = y*t - 2*s, -5*s - 30 = -4*t. Calculate the remainder when 68 is divided by t.
8
Let q(p) = 855*p - 83553. Let t(y) = -2*y - 2. What is the remainder when q(98) is divided by t(-7)?
9
Suppose -24 = -3*b - 39, -3*d = 5*b - 254. Calculate the remainder when 276 is divided by d.
90
Calculate the remainder when ((-1)/(20/(-904)))/(2*(-4)/(-20)) is divided by 8.
1
Let p be 53/(-3)*(2 + 1). Let q = p - -55. Suppose 3*j - 105 = -3*z - q*z, -4*z + 4*j + 116 = 0. Calculate the remainder when 140 is divided by z.
20
Suppose -q = -3*m + 55, -3*q - 2 + 17 = 0. Suppose m*f - 110 = -2*f. What is the remainder when 27 is divided by f?
2
Suppose 22 + 4 = 2*j + i, j = -3*i + 18. Let s(n) = -19*n**3 + n**2 + n - 1. Let f be s(-1). Calculate the remainder when f/4*(-8 + 18) is divided by j.
9
Suppose -724 = 3*j - 5*f - 0*f, 4 = -f. Let v = -231 - j. Calculate the remainder when v is divided by 5.
2
Suppose -149*g + 151*g - 6 = 0. Suppose g*j = 4*c - 198 - 275, -5*j = 2*c - 217. Calculate the remainder when c is divided by 30.
26
Let z(h) = h**3 + 10*h**2 - 4*h + 9. Let f be (-1)/6 - (-424)/(-48). What is the remainder when z(f) is divided by 67?
59
Let g(j) = -j**3 - 9*j**2 + 14*j + 42. Let z be g(-10). Suppose -z*y + 315 = 209. Calculate the remainder when y is divided by 2.
1
Let d(h) = 21*h - 97. Let v be d(26). Suppose 3*t + 5*s - 26 = v, 595 = 4*t - s. What is the remainder when t is divided by 19?
17
Let a(j) = -2*j**3 + 23*j**2 - j - 8. Let r(q) = 4*q + 5. What is the remainder when a(11) is divided by r(6)?
15
Let y(q) be the third derivative of -2*q**4/3 - 59*q**3/6 - 8*q**2 - 3*q. Calculate the remainder when 22 is divided by y(-4).
2
Let t(x) = x**3 - 2*x**2 + 8*x - 14. Let p be t(2). Suppose -p*q = 5*d + q - 152, 0 = -d + 2*q + 33. What is the remainder when 340 is divided by d?
30
Let k = -14 + 44. What is the remainder when 2/(1/(-441)*-6) is divided by k?
27
Let r = 43 - 51. Let i be r/(-20) + (-1)/(10/604). What is the remainder when 69 is divided by (7/3)/(236/i + 4)?
34
Let c = 293 - 107. Let m = 328 - c. Calculate the remainder when m is divided by 29.
26
Suppose -5*h + 2127 = 397. Suppose -4354 - 1491 = -177*z + 350. Calculate the remainder when h is divided by z.
31
Suppose 631*x = 56*x + 63825. Calculate the remainder when x is divided by (0 + 2/(-3))*-75.
11
Suppose -3*o + 69888 = 18*o. Calculate the remainder when o is divided by 30.
28
Suppose 2*m + 45 = 5*m. Let w(x) = -9*x**2 - 47*x - 1. Suppose -3*b - 5*k = -13, 2*b = -k + 5*k - 28. What is the remainder when w(b) is divided by m?
13
Let s(t) = t**2 - 15*t - 3. Let a be s(15). Let b be -3 + 3 + 21 - a. Suppose 4*z = 68 - b. Calculate the remainder when 75 is divided by z.
9
Suppose -3*n - 2*y + 899 = 0, -3*n + 3*y = 15 - 894. What is the remainder when n is divided by 143?
11
Suppose 8849 = 381*d - 13249. What is the remainder when 639 is divided by d?
1
What is the remainder when 400 is divided by 49/(2 + 5) + 6?
10
Let g(h) = h + 129. Calculate the remainder when 572 is divided by g(5).
36
Suppose -4*r - 35 = -9*r. Let s be 1 + (24 - -2) + (0 - 0). Suppose -r*u = -6*u - s. Calculate the remainder when u is divided by 7.
6
Suppose -438*a = -449*a + 88. Calculate the remainder when 116 is divided by a.
4
Suppose 0 = -44*h + 1522 + 1910 - 836. What is the remainder when h is divided by 1/3 + (-105)/(-9)?
11
Let m(y) = y**2 - 8*y - 24. Let d be m(12). Suppose -d = 4*l - 60. Suppose -3*j = j - 100. What is the remainder when j is divided by l?
7
Suppose -3*w + 5989 - 1277 = -2014. Calculate the remainder when w is divided by 160.
2
Suppose 20*p + 251 = 21*p. Suppose -3*n - n + 248 = 4*z, 0 = -4*n - 5*z + p. Let f = 249 - n. What is the remainder when f is divided by 32?
30
Let m(s) = -s**3 - 14*s**2 + 20*s + 1. Let b be m(-15). Let r = -14 - b. Calculate the remainder when (-1)/((-2)/r)*22/6 is divided by 16.
14
Let x(j) = 7*j**2 - 5*j - 5. Suppose 14 = -12*s + 5*s. What is the remainder when (-6)/9 + 392/3 is divided by x(s)?
31
Let r(l) = -7*l**3 - 3*l**2 + 30*l + 160. Calculate the remainder when r(-5) is divided by 798.
12
Calculate the remainder when 7718 is divided by (187 - 192) + 61*(-3 + 5).
113
Calculate the remainder when 160 is divided by (-6 - (-145)/35 - -9)*21.
10
Let i be ((-3)/9)/(12/792). Let r(w) = -3*w - 59. Calculate the remainder when 52 is divided by r(i).
3
Suppose 83 = 3*r - 2*b, -r = -5*b + 287 - 293. Calculate the remainder when 8087 is divided by r.
27
Suppose -5*r + 10 = -5. Calculate the remainder when 1 + 98 - (-9)/r is divided by (-425)/(-20) + (-1)/4.
18
Let x(z) = 30*z + 181. Let g be x(-6). What is the remainder when 19 is divided by g/(-5) + (-3192)/(-285)?
8
Let o = -10 - -70. Suppose 3*c + o = j + 14, 5*c = 3*j - 126. Let k(d) = 2*d**2 - 5*d - 6. Calculate the remainder when j is divided by k(5).
18
Let n(v) = -7*v - 98. Let q be n(4). Suppose -3*p = -2*p - 144. Calculate the remainder when p is divided by (-12)/q*-3 + 1845/63.
28
What is the remainder when 2/(-3)*6 - (0 - (3 + 220)) is divided by 126?
93
Let n = 60 - 55. Suppose 0 = -2*z + n*f + 665, 8*z = 3*z + 3*f + 1691. Calculate the remainder when z is divided by 38.
36
Suppose -c + 2*s + 124 = 0, -460 + 1106 = 5*c + 3*s. What is the remainder when 99 is divided by (c/20)/4*(-100)/(-8)?
19
Let y be ((-8)/(-16))/((-1)/2). Let m(b) = 110*b**2 + 1. Let j be m(y). Suppose q = 4*q - j. Calculate the remainder when 145 is divided by q.
34
Calculate the remainder when 504 is divided by (-8 + 828/84)*63.
36
Let d(v) = -2*v**2 + 70*v - 590. Calculate the remainder when 587 is divided by d(18).
15
Let i = 65368 - 45651. What is the remainder when i is divided by 136?
133
Suppose 2*r - 1000 - 92 = 0. Calculate the remainder when r is divided by 26.
0
Let b = -728 - -727. Let m(i) = 20*i**2 - 16*i - 16. Calculate the remainder when 439 is divided by m(b).
19
Let o(h) = -h**3 + 11*h**2 + 12*h + 15. What is the remainder when 343 is divided by o(12)?
13
Suppose -6*j + 30 = q - j, -2*j = 3*q - 155. Calculate the remainder when 2472 is divided by q.
52
Let a(c) = 45*c - 4052. Calculate the remainder when 553 is divided by a(94).
19
Let b(q) = q**2 + 76*q + 1509. What is the remainder when 7445 is divided by b(-47)?
145
Let n(v) = 3*v**2 + 9*v - 2. Let d be n(-4). Suppose -d*f = 30 - 160. Calculate the remainder when 114 is divided by f.
10
Let l be (7/((-196)/24))/(1/(-7)). Suppose -l*w = 1312 - 1384. Calculate the remainder when 208 is divided by w.
4
What is the remainder when 1301 is divided by 147/2*84/147?
41
Let o(n) = -7*n - 33. Let k be o(-5). Suppose -4*q + y = -269, k*q - 7 = -y + 132. Calculate the remainder when q is divided by 24.
20
Suppose -5*f + 4*y + 1192 = 0, -2*f = -27*y + 25*y - 476. What is the remainder when f is divided by 31?
23
Suppose v - 20 = -4*v. Suppose u + 2*u - 60 = -4*z, -z + 2*u = -v. Let w = 39876 - 39830. Calculate the remainder when w is divided by z.
10
Let v = -835 - -827. Calculate the remainder when 63 is divided by 1 - -15 - (0 - 6 - v).
7
Let r(q) = -442*q**3 - 3*q**2 - q - 1. Suppose 39 = -36*j + 3. What is the remainder when r(j) is divided by 22?
21
Let t = 4121 + -2781. Calculate the remainder when t is divided by 24.
20
Let h(s) = -s**2 + 1. Let w(m) = -7*m**2 + 9*m - 44. Let l(i) = 5*h(i) - w(i). Calculate the remainder when 160 is divided by l(0).
13
What is the remainder when 9148 is divided by (-2 + (-13)/(-3))*(-3036)/(-322)?
18
What is the remainder when 85 is divided by ((-16)/7 - -2) + ((-335700)/175)/(-36)?
32
Suppose 15 = 3*o - 60. What is the remainder when 340 is divided by o + 6 + 3 + -3?
30
Let k(o) = -o**2 + 134*o - 1237. What is the remainder when 11249 is divided by k(123)?
113
Let t = -64 - -82. Let u = 2563 - 2469. Calculate the remainder when u is divided by t.
4
Let o be 6/(-4) + (-99)/22. Let n be ((-3)/o)/(2/20). Suppose 5*m - 20 = 0, -7*m = n*d - 3*m - 976. What